{"id":409,"date":"2017-03-13T18:14:51","date_gmt":"2017-03-13T17:14:51","guid":{"rendered":"http:\/\/hsloeningen.de\/?page_id=409"},"modified":"2026-03-05T11:15:06","modified_gmt":"2026-03-05T10:15:06","slug":"schulanmeldung","status":"publish","type":"page","link":"https:\/\/hsloeningen.de\/?page_id=409","title":{"rendered":"Schulanmeldung"},"content":{"rendered":"<div class=\"pdfprnt-buttons pdfprnt-buttons-page pdfprnt-top-right\"><a href=\"https:\/\/hsloeningen.de\/index.php?rest_route=%2Fwp%2Fv2%2Fpages%2F409&print=pdf\" class=\"pdfprnt-button pdfprnt-button-pdf\" target=\"_blank\" ><img decoding=\"async\" src=\"https:\/\/hsloeningen.de\/wp-content\/plugins\/pdf-print\/images\/pdf.png\" alt=\"image_pdf\" title=\"PDF anzeigen\" \/><\/a><a href=\"https:\/\/hsloeningen.de\/index.php?rest_route=%2Fwp%2Fv2%2Fpages%2F409&print=print\" class=\"pdfprnt-button pdfprnt-button-print\" target=\"_blank\" ><img decoding=\"async\" src=\"https:\/\/hsloeningen.de\/wp-content\/plugins\/pdf-print\/images\/print.png\" alt=\"image_print\" title=\"Inhalt drucken\" \/><\/a><\/div>\r\n<p>In der Power-Point-Pr\u00e4sentation, die Sie sich herunterladen k\u00f6nnen, erhalten Sie einen \u00dcberblick \u00fcber M\u00f6glichkeiten und Wege an der Gutenbergschule.\u00a0Frau Berning richtet sich darin mit einem kurzen Video ebenfalls an Sie.<\/p>\r\n\r\n\r\n\r\n<div class=\"wp-block-file\"><a href=\"https:\/\/hsloeningen.de\/wp-content\/uploads\/2021\/02\/Moeglichkeiten-und-Wege-an-der-Gutenbergschule.pptx\">Moeglichkeiten-und-Wege-an-der-Gutenbergschule<\/a><a class=\"wp-block-file__button\" href=\"https:\/\/hsloeningen.de\/wp-content\/uploads\/2021\/02\/Moeglichkeiten-und-Wege-an-der-Gutenbergschule.pptx\" download=\"\">Herunterladen<\/a><\/div>\r\n\r\n\r\n\r\n<p>&nbsp;<\/p>\r\n<p>Die folgenden Dateien sind Anmeldeinformationen und -unterlagen f\u00fcr das kommende Schuljahr 2026-2027.\u00a0<\/p>\r\n<p>&nbsp;<\/p>\r\n<p><strong>Anmeldung f\u00fcr das Schuljahr 2026-2027<\/strong><\/p>\r\n<p>Um sich an unserer Schule anzumelden, f\u00fcllen Sie bitte das folgende Anmeldeformular aus und lassen Sie es unserer Schule zukommen.<\/p>\r\n\r\n\r\n\r\n<p><a href=\"https:\/\/hsloeningen.de\/wp-content\/uploads\/2026\/03\/Anmeldebogen-Schuljahr-20262027.pdf\">Anmeldebogen, Schuljahr 2026,2027<\/a><\/p>\r\n<p>Neben dem Anmeldeformulare m\u00fcssen weitere Unterlagen f\u00fcr die Anmeldung eingereicht werden. Diese und weitere Informationen finden Sie in der folgenden Datei.<\/p>\r\n<p><a href=\"https:\/\/hsloeningen.de\/wp-content\/uploads\/2026\/03\/Anmeldetermine-5.-Klasse-2026_2027.pdf\">Anmeldetermine 5. Klasse 2026_2027<\/a><\/p>\r\n\r\n\r\n\r\n<p>Bei Fragen, Problemen oder sonstigen Anliegen bez\u00fcglich der Schulanmeldung kontaktieren Sie uns bitte unter der Telefonnummer 05432-2802 oder per E-Mail hsloeningen@t-online.de.<\/p>\r\n","protected":false},"excerpt":{"rendered":"<p>In der Power-Point-Pr\u00e4sentation, die Sie sich herunterladen k\u00f6nnen, erhalten Sie einen \u00dcberblick \u00fcber M\u00f6glichkeiten und Wege an der Gutenbergschule.\u00a0Frau Berning richtet sich darin mit einem kurzen Video ebenfalls an Sie. &nbsp; Die folgenden Dateien sind Anmeldeinformationen und -unterlagen f\u00fcr das&#8230;<br \/><a class=\"read-more-button\" href=\"https:\/\/hsloeningen.de\/?page_id=409\">Mehr Lesen<\/a><\/p>\n","protected":false},"author":8,"featured_media":0,"parent":0,"menu_order":0,"comment_status":"closed","ping_status":"closed","template":"","meta":{"_mc_calendar":[],"footnotes":""},"class_list":["post-409","page","type-page","status-publish","hentry"],"_links":{"self":[{"href":"https:\/\/hsloeningen.de\/index.php?rest_route=\/wp\/v2\/pages\/409","targetHints":{"allow":["GET"]}}],"collection":[{"href":"https:\/\/hsloeningen.de\/index.php?rest_route=\/wp\/v2\/pages"}],"about":[{"href":"https:\/\/hsloeningen.de\/index.php?rest_route=\/wp\/v2\/types\/page"}],"author":[{"embeddable":true,"href":"https:\/\/hsloeningen.de\/index.php?rest_route=\/wp\/v2\/users\/8"}],"replies":[{"embeddable":true,"href":"https:\/\/hsloeningen.de\/index.php?rest_route=%2Fwp%2Fv2%2Fcomments&post=409"}],"version-history":[{"count":22,"href":"https:\/\/hsloeningen.de\/index.php?rest_route=\/wp\/v2\/pages\/409\/revisions"}],"predecessor-version":[{"id":2884,"href":"https:\/\/hsloeningen.de\/index.php?rest_route=\/wp\/v2\/pages\/409\/revisions\/2884"}],"wp:attachment":[{"href":"https:\/\/hsloeningen.de\/index.php?rest_route=%2Fwp%2Fv2%2Fmedia&parent=409"}],"curies":[{"name":"wp","href":"https:\/\/api.w.org\/{rel}","templated":true}]}}