{"id":1561,"date":"2020-10-06T12:58:28","date_gmt":"2020-10-06T10:58:28","guid":{"rendered":"https:\/\/hsloeningen.de\/?page_id=1561"},"modified":"2025-03-27T11:24:44","modified_gmt":"2025-03-27T10:24:44","slug":"foerderverein","status":"publish","type":"page","link":"https:\/\/hsloeningen.de\/?page_id=1561","title":{"rendered":"F\u00f6rderverein"},"content":{"rendered":"<div class=\"pdfprnt-buttons pdfprnt-buttons-page pdfprnt-top-right\"><a href=\"https:\/\/hsloeningen.de\/index.php?rest_route=%2Fwp%2Fv2%2Fpages%2F1561&print=pdf\" class=\"pdfprnt-button pdfprnt-button-pdf\" target=\"_blank\" ><img decoding=\"async\" src=\"https:\/\/hsloeningen.de\/wp-content\/plugins\/pdf-print\/images\/pdf.png\" alt=\"image_pdf\" title=\"PDF anzeigen\" \/><\/a><a href=\"https:\/\/hsloeningen.de\/index.php?rest_route=%2Fwp%2Fv2%2Fpages%2F1561&print=print\" class=\"pdfprnt-button pdfprnt-button-print\" target=\"_blank\" ><img decoding=\"async\" src=\"https:\/\/hsloeningen.de\/wp-content\/plugins\/pdf-print\/images\/print.png\" alt=\"image_print\" title=\"Inhalt drucken\" \/><\/a><\/div><p>Hier steht Ihnen die Beitrittserkl\u00e4rung zum F\u00f6rderverein als Download zur Verf\u00fcgung<\/p>\n<p><a href=\"https:\/\/hsloeningen.de\/wp-content\/uploads\/2020\/10\/Beitrittserkl\u00e4rung-F\u00f6rderverein-Gutenbergschule-L\u00f6ningen.pdf\">Beitrittserkl\u00e4rung F\u00f6rderverein Gutenbergschule L\u00f6ningen<\/a><\/p>\n","protected":false},"excerpt":{"rendered":"<p>Hier steht Ihnen die Beitrittserkl\u00e4rung zum F\u00f6rderverein als Download zur Verf\u00fcgung Beitrittserkl\u00e4rung F\u00f6rderverein Gutenbergschule L\u00f6ningen<\/p>\n","protected":false},"author":8,"featured_media":0,"parent":0,"menu_order":0,"comment_status":"closed","ping_status":"closed","template":"","meta":{"_mc_calendar":[],"footnotes":""},"class_list":["post-1561","page","type-page","status-publish","hentry"],"_links":{"self":[{"href":"https:\/\/hsloeningen.de\/index.php?rest_route=\/wp\/v2\/pages\/1561","targetHints":{"allow":["GET"]}}],"collection":[{"href":"https:\/\/hsloeningen.de\/index.php?rest_route=\/wp\/v2\/pages"}],"about":[{"href":"https:\/\/hsloeningen.de\/index.php?rest_route=\/wp\/v2\/types\/page"}],"author":[{"embeddable":true,"href":"https:\/\/hsloeningen.de\/index.php?rest_route=\/wp\/v2\/users\/8"}],"replies":[{"embeddable":true,"href":"https:\/\/hsloeningen.de\/index.php?rest_route=%2Fwp%2Fv2%2Fcomments&post=1561"}],"version-history":[{"count":2,"href":"https:\/\/hsloeningen.de\/index.php?rest_route=\/wp\/v2\/pages\/1561\/revisions"}],"predecessor-version":[{"id":2624,"href":"https:\/\/hsloeningen.de\/index.php?rest_route=\/wp\/v2\/pages\/1561\/revisions\/2624"}],"wp:attachment":[{"href":"https:\/\/hsloeningen.de\/index.php?rest_route=%2Fwp%2Fv2%2Fmedia&parent=1561"}],"curies":[{"name":"wp","href":"https:\/\/api.w.org\/{rel}","templated":true}]}}