{"id":1013,"date":"2017-12-01T14:30:14","date_gmt":"2017-12-01T13:30:14","guid":{"rendered":"http:\/\/hsloeningen.de\/?page_id=1013"},"modified":"2017-12-01T14:30:14","modified_gmt":"2017-12-01T13:30:14","slug":"informatik","status":"publish","type":"page","link":"https:\/\/hsloeningen.de\/?page_id=1013","title":{"rendered":"Informatik"},"content":{"rendered":"<div class=\"pdfprnt-buttons pdfprnt-buttons-page pdfprnt-top-right\"><a href=\"https:\/\/hsloeningen.de\/index.php?rest_route=%2Fwp%2Fv2%2Fpages%2F1013&print=pdf\" class=\"pdfprnt-button pdfprnt-button-pdf\" target=\"_blank\" ><img decoding=\"async\" src=\"https:\/\/hsloeningen.de\/wp-content\/plugins\/pdf-print\/images\/pdf.png\" alt=\"image_pdf\" title=\"PDF anzeigen\" \/><\/a><a href=\"https:\/\/hsloeningen.de\/index.php?rest_route=%2Fwp%2Fv2%2Fpages%2F1013&print=print\" class=\"pdfprnt-button pdfprnt-button-print\" target=\"_blank\" ><img decoding=\"async\" src=\"https:\/\/hsloeningen.de\/wp-content\/plugins\/pdf-print\/images\/print.png\" alt=\"image_print\" title=\"Inhalt drucken\" \/><\/a><\/div><h1>Xpert an Schulen<\/h1>\n<div class=\"textpart\">\n<h3>Xpert Europ\u00e4ischer ComputerPass&nbsp;(\u201eXpert Basiszertifikat IT-Kompetenz\u201c)<\/h3>\n<\/div>\n<div class=\"textpart\">&nbsp;<\/div>\n<p>Um unsere Sch\u00fclerinnen und Sch\u00fcler bestm\u00f6glich auf Stellenangebote und Berufe vorzubereiten, erhalten sie bei uns die Chance, sich im IT-Bereich und im Umgang mit Office-Programmen weiterzubilden.<\/p>\n<p>Mit dem Xpert Europ\u00e4ischer ComputerPass bieten wir&nbsp;ihnen die M\u00f6glichkeit, &#8222;Kenntnisse und Fertigkeiten zu erlangen, die zum Umgang mit dem PC, dem Internet und der Gestaltung von Texten und Pr\u00e4sentationen bef\u00e4higen.&#8220;<\/p>\n<p>Auf freiwilliger Basis k\u00f6nnen die Jugendlichen an einer Arbeitsgemeinschaft teilnehmen, an deren Ende die Verleihung des Zeugnisses f\u00fcr den &#8222;Xpert Europ\u00e4ischer ComputerPass Master&#8220; stehen kann.<\/p>\n<p>&nbsp;<\/p>\n<p><img decoding=\"async\" src=\"https:\/\/www.vhs-nds.de\/files\/epz\/img\/xpert%20ecp\/was_ist_xpert_ecp.png\"><\/p>\n<p>Quelle:&nbsp;https:\/\/www.vhs-nds.de\/index.php\/xpert-ecp-r2-online-testcenter2\/articles\/was-ist-der-xpert-europaeische-computerpass.html<\/p>\n<p>&nbsp;<\/p>\n<p><strong>Zielgruppe der Sch\u00fclerinnen und Sch\u00fcler<\/strong><\/p>\n<p>Die Module Textverarbeitung Basics, Pr\u00e4sentationen etc. finden ihre Anerkennung auch in der Zielgruppe der Sch\u00fclerinnen und Sch\u00fcler, wenn das Pflichtmodul Xpert Basiszertifikat IT-Kompetenz erfolgreich abgelegt worden ist.<\/p>\n<p>In der Zielgruppe der Sch\u00fclerinnen und Sch\u00fcler wird das Gesamtzertifikat&nbsp;<strong>Xpert<\/strong> bereits erreicht, wenn das Pflichtmodul Xpert Basiszertifikat IT-Kompetenz und ein frei w\u00e4hlbares Modul abgelegt worden ist.<\/p>\n<p>Zum Erreichen des Gesamtzertifikats&nbsp;<strong>Xpert Master&nbsp;<\/strong>m\u00fcssen dann insgesamt das Pflichtmodul Xpert Basiszertifikat IT-Kompetenz und drei frei w\u00e4hlbare Module innerhalb von 3 Jahren erfolgreich absolviert werden.<\/p>\n<p>&nbsp;<\/p>\n<p>&nbsp;<\/p>\n<p>&nbsp;<\/p>\n","protected":false},"excerpt":{"rendered":"<p>Xpert an Schulen Xpert Europ\u00e4ischer ComputerPass&nbsp;(\u201eXpert Basiszertifikat IT-Kompetenz\u201c) &nbsp; Um unsere Sch\u00fclerinnen und Sch\u00fcler bestm\u00f6glich auf Stellenangebote und Berufe vorzubereiten, erhalten sie bei uns die Chance, sich im IT-Bereich und im Umgang mit Office-Programmen weiterzubilden. Mit dem Xpert Europ\u00e4ischer ComputerPass&#8230;<br \/><a class=\"read-more-button\" href=\"https:\/\/hsloeningen.de\/?page_id=1013\">Mehr Lesen<\/a><\/p>\n","protected":false},"author":8,"featured_media":0,"parent":7,"menu_order":0,"comment_status":"closed","ping_status":"closed","template":"","meta":{"_mc_calendar":[],"footnotes":""},"class_list":["post-1013","page","type-page","status-publish","hentry"],"_links":{"self":[{"href":"https:\/\/hsloeningen.de\/index.php?rest_route=\/wp\/v2\/pages\/1013","targetHints":{"allow":["GET"]}}],"collection":[{"href":"https:\/\/hsloeningen.de\/index.php?rest_route=\/wp\/v2\/pages"}],"about":[{"href":"https:\/\/hsloeningen.de\/index.php?rest_route=\/wp\/v2\/types\/page"}],"author":[{"embeddable":true,"href":"https:\/\/hsloeningen.de\/index.php?rest_route=\/wp\/v2\/users\/8"}],"replies":[{"embeddable":true,"href":"https:\/\/hsloeningen.de\/index.php?rest_route=%2Fwp%2Fv2%2Fcomments&post=1013"}],"version-history":[{"count":2,"href":"https:\/\/hsloeningen.de\/index.php?rest_route=\/wp\/v2\/pages\/1013\/revisions"}],"predecessor-version":[{"id":1017,"href":"https:\/\/hsloeningen.de\/index.php?rest_route=\/wp\/v2\/pages\/1013\/revisions\/1017"}],"up":[{"embeddable":true,"href":"https:\/\/hsloeningen.de\/index.php?rest_route=\/wp\/v2\/pages\/7"}],"wp:attachment":[{"href":"https:\/\/hsloeningen.de\/index.php?rest_route=%2Fwp%2Fv2%2Fmedia&parent=1013"}],"curies":[{"name":"wp","href":"https:\/\/api.w.org\/{rel}","templated":true}]}}